{"id":20,"date":"2021-06-14T20:45:45","date_gmt":"2021-06-14T20:45:45","guid":{"rendered":"https:\/\/tuncaldogalgaz.com\/?page_id=20"},"modified":"2021-06-14T21:42:00","modified_gmt":"2021-06-14T21:42:00","slug":"dogalgaz-proje-uygulama","status":"publish","type":"page","link":"https:\/\/tuncaldogalgaz.com\/?page_id=20","title":{"rendered":"DO\u011eALGAZ PROJE &#038; UYGULAMA"},"content":{"rendered":"\n<h2 class=\"wp-block-heading\">Do\u011falgaz Tesisatlar\u0131n\u0131n Kullan\u0131m Ama\u00e7lar\u0131;<\/h2>\n\n\n\n<ul class=\"wp-block-list\"><li>Konutlarda \u0131s\u0131nma ve s\u0131cak su \u00fcretimi<\/li><li>Ticari i\u015fletmelerde mamul \u00fcretimi, \u0131s\u0131nma ve s\u0131cak su \u00fcretimi<\/li><li>End\u00fcstriyel tesislerde mamul \u00fcretimi, \u0131s\u0131nma, s\u0131cak su \u00fcretimi ve mutfaklarda gaz kullan\u0131m\u0131<\/li><\/ul>\n\n\n\n<h2 class=\"wp-block-heading\">Do\u011falgaz ve M\u00fchendislik<\/h2>\n\n\n\n<p>Do\u011falgaz teslim noktas\u0131ndan beslenen bina veya arsa i\u00e7ine tesis edilen do\u011falgaz cihazlar\u0131na, bu cihazlar\u0131 besleyen gaz tesisat\u0131na ve at\u0131k gaz bacalar\u0131na ait proje detaylar\u0131n\u0131n d\u00fczenlenmesi, yerle\u015ftirilmesi, do\u011falgaz muayene i\u015fleminden sonra i\u015fletmeye al\u0131nmas\u0131 ve i\u00e7 tesisatta g\u00fcvenli do\u011falgaz kullan\u0131m\u0131na ili\u015fkin uyulmas\u0131 gereken teknik esaslar\u0131 kapsar.<\/p>\n\n\n\n<h4 class=\"wp-block-heading\">DO\u011eALGAZ ABONEL\u0130K BA\u015eVURUSU \u0130\u00c7\u0130N GEREKEN EVRAKLAR NELERD\u0130R?<\/h4>\n\n\n\n<p><strong>\u015eah\u0131s i\u00e7in;<\/strong><\/p>\n\n\n\n<ul class=\"wp-block-list\"><li>Tapu Asl\u0131 ve Fotokopisi<\/li><li>Yap\u0131 Ruhsat\u0131<\/li><li>\u0130mar Durumu<\/li><li>Kimlik Fotokopisi<\/li><li>Su Faturas\u0131 (Adres ibraz\u0131 i\u00e7in)<\/li><\/ul>\n\n\n\n<p><strong>\u015eirketler i\u00e7in;<\/strong><\/p>\n\n\n\n<ul class=\"wp-block-list\"><li>Tapu Asl\u0131 ve Fotokopisi<\/li><li>Yap\u0131 Ruhsat\u0131<\/li><li>\u0130mar Durumu<\/li><li>Kimlik Fotokopisi<\/li><li>\u0130mza Sirk\u00fcleri<\/li><li>Vergi Levhas\u0131<\/li><li>Ticaret Sicil Gazete Fotokopisi<\/li><li>Faaliyet Belgesi<\/li><\/ul>\n\n\n\n<p><\/p>\n","protected":false},"excerpt":{"rendered":"<p>Do\u011falgaz Tesisatlar\u0131n\u0131n Kullan\u0131m Ama\u00e7lar\u0131; Konutlarda \u0131s\u0131nma ve s\u0131cak su \u00fcretimi Ticari i\u015fletmelerde mamul \u00fcretimi, \u0131s\u0131nma ve s\u0131cak su \u00fcretimi End\u00fcstriyel tesislerde mamul \u00fcretimi, \u0131s\u0131nma, s\u0131cak su \u00fcretimi ve mutfaklarda gaz kullan\u0131m\u0131 Do\u011falgaz ve M\u00fchendislik Do\u011falgaz teslim noktas\u0131ndan beslenen bina veya arsa i\u00e7ine tesis edilen do\u011falgaz cihazlar\u0131na, bu cihazlar\u0131 besleyen gaz tesisat\u0131na ve at\u0131k gaz bacalar\u0131na [&hellip;]<\/p>\n","protected":false},"author":1,"featured_media":0,"parent":0,"menu_order":0,"comment_status":"closed","ping_status":"closed","template":"","meta":{"ub_ctt_via":"","_frontis_meta_header_display":false,"_frontis_meta_footer_display":false,"_frontis_meta_site_title_display":false,"_frontis_meta_sticky_header":false,"_frontis_meta_transparent_header":false,"_frontis_meta_lazy_load":false,"_frontis_meta_transparent_bg_color":"","_frontis_meta_sticky_bg_color":"","footnotes":""},"class_list":["post-20","page","type-page","status-publish","hentry"],"featured_image_src":null,"uagb_featured_image_src":{"full":false,"thumbnail":false,"medium":false,"medium_large":false,"large":false,"1536x1536":false,"2048x2048":false},"uagb_author_info":{"display_name":"dogalgaztuncal_a93i8sn3","author_link":"https:\/\/tuncaldogalgaz.com\/?author=1"},"uagb_comment_info":0,"uagb_excerpt":"Do\u011falgaz Tesisatlar\u0131n\u0131n Kullan\u0131m Ama\u00e7lar\u0131; Konutlarda \u0131s\u0131nma ve s\u0131cak su \u00fcretimi Ticari i\u015fletmelerde mamul \u00fcretimi, \u0131s\u0131nma ve s\u0131cak su \u00fcretimi End\u00fcstriyel tesislerde mamul \u00fcretimi, \u0131s\u0131nma, s\u0131cak su \u00fcretimi ve mutfaklarda gaz kullan\u0131m\u0131 Do\u011falgaz ve M\u00fchendislik Do\u011falgaz teslim noktas\u0131ndan beslenen bina veya arsa i\u00e7ine tesis edilen do\u011falgaz cihazlar\u0131na, bu cihazlar\u0131 besleyen gaz tesisat\u0131na ve at\u0131k gaz bacalar\u0131na&hellip;","_links":{"self":[{"href":"https:\/\/tuncaldogalgaz.com\/index.php?rest_route=\/wp\/v2\/pages\/20","targetHints":{"allow":["GET"]}}],"collection":[{"href":"https:\/\/tuncaldogalgaz.com\/index.php?rest_route=\/wp\/v2\/pages"}],"about":[{"href":"https:\/\/tuncaldogalgaz.com\/index.php?rest_route=\/wp\/v2\/types\/page"}],"author":[{"embeddable":true,"href":"https:\/\/tuncaldogalgaz.com\/index.php?rest_route=\/wp\/v2\/users\/1"}],"replies":[{"embeddable":true,"href":"https:\/\/tuncaldogalgaz.com\/index.php?rest_route=%2Fwp%2Fv2%2Fcomments&post=20"}],"version-history":[{"count":3,"href":"https:\/\/tuncaldogalgaz.com\/index.php?rest_route=\/wp\/v2\/pages\/20\/revisions"}],"predecessor-version":[{"id":53,"href":"https:\/\/tuncaldogalgaz.com\/index.php?rest_route=\/wp\/v2\/pages\/20\/revisions\/53"}],"wp:attachment":[{"href":"https:\/\/tuncaldogalgaz.com\/index.php?rest_route=%2Fwp%2Fv2%2Fmedia&parent=20"}],"curies":[{"name":"wp","href":"https:\/\/api.w.org\/{rel}","templated":true}]}}