{"id":9,"date":"2021-06-14T20:44:57","date_gmt":"2021-06-14T20:44:57","guid":{"rendered":"https:\/\/tuncaldogalgaz.com\/?page_id=9"},"modified":"2021-06-14T20:51:57","modified_gmt":"2021-06-14T20:51:57","slug":"iletisim","status":"publish","type":"page","link":"https:\/\/tuncaldogalgaz.com\/?page_id=9","title":{"rendered":"\u0130leti\u015fim"},"content":{"rendered":"\n<h2 class=\"has-text-align-center wp-block-heading\">TUN\u00c7AL DO\u011eALGAZ \u0130N\u015eAAT \u2013 UYGULAMA<\/h2>\n\n\n\n<p class=\"has-text-align-center\">bilgi@tuncaldogalgaz.com<\/p>\n\n\n\n<section class=\"wp-block-uagb-columns uagb-columns__wrap uagb-columns__background-undefined uagb-columns__stack-mobile uagb-columns__valign-undefined uagb-columns__gap-10 alignundefined uagb-block-6c166a12\"><div class=\"uagb-columns__overlay\"><\/div><div class=\"uagb-columns__inner-wrap uagb-columns__columns-2\">\n<div class=\"wp-block-uagb-column uagb-column__wrap uagb-column__background-undefined uagb-block-d4402df2\"><div class=\"uagb-column__overlay\"><\/div><div class=\"uagb-column__inner-wrap\">\n<h3 class=\"wp-block-heading\"><strong>Merkez<\/strong><\/h3>\n\n\n\n<p>Tabakhane Mah. Evliya \u00c7elebi Cd. No: 37\/3 Erenler \/ Sakarya<\/p>\n\n\n<div class=\"ub_divider\" id=\"ub_divider_72cc4b72-121b-4026-8885-b76be9f9d098\"><\/div>\n\n\n<p><strong>Hasan TUN\u00c7AL&nbsp;<\/strong><\/p>\n\n\n\n<p><strong>Tel. No<\/strong>\u00a0 : +90 264 241 4044<\/p>\n\n\n\n<p><strong>GSM<\/strong>\u00a0 :\u00a0 +90 543 317 5203<\/p>\n\n\n\n<p><strong>GSM<\/strong>2\u00a0 :\u00a0 +90 543 317 5202<\/p>\n<\/div><\/div>\n\n\n\n<div class=\"wp-block-uagb-column uagb-column__wrap uagb-column__background-undefined uagb-block-1fa0b787\"><div class=\"uagb-column__overlay\"><\/div><div class=\"uagb-column__inner-wrap\">\n<h3 class=\"has-text-align-right wp-block-heading\"><strong>\u015eube<\/strong><\/h3>\n\n\n\n<p class=\"has-text-align-right\">Merkez Orta Mah. Haf\u0131r Nurettin Sokak No.8 Kaynarca \/ Sakarya<\/p>\n\n\n<div class=\"ub_divider\" id=\"ub_divider_6bd3a396-404f-4438-ba08-5c614d6295e8\"><\/div>\n\n\n<p class=\"has-text-align-right\"><strong>\u015eerif Ali AKG\u00dcN<\/strong><\/p>\n\n\n\n<p class=\"has-text-align-right\"><strong>GSM<\/strong>\u00a0 :\u00a0+90 532 300 7890<\/p>\n<\/div><\/div>\n<\/div><\/section>\n","protected":false},"excerpt":{"rendered":"<p>TUN\u00c7AL DO\u011eALGAZ \u0130N\u015eAAT \u2013 UYGULAMA bilgi@tuncaldogalgaz.com<\/p>\n","protected":false},"author":1,"featured_media":0,"parent":0,"menu_order":0,"comment_status":"closed","ping_status":"closed","template":"","meta":{"ub_ctt_via":"","_frontis_meta_header_display":false,"_frontis_meta_footer_display":false,"_frontis_meta_site_title_display":false,"_frontis_meta_sticky_header":false,"_frontis_meta_transparent_header":false,"_frontis_meta_lazy_load":false,"_frontis_meta_transparent_bg_color":"","_frontis_meta_sticky_bg_color":"","footnotes":""},"class_list":["post-9","page","type-page","status-publish","hentry"],"featured_image_src":null,"uagb_featured_image_src":{"full":false,"thumbnail":false,"medium":false,"medium_large":false,"large":false,"1536x1536":false,"2048x2048":false},"uagb_author_info":{"display_name":"dogalgaztuncal_a93i8sn3","author_link":"https:\/\/tuncaldogalgaz.com\/?author=1"},"uagb_comment_info":0,"uagb_excerpt":"TUN\u00c7AL DO\u011eALGAZ \u0130N\u015eAAT \u2013 UYGULAMA bilgi@tuncaldogalgaz.com","_links":{"self":[{"href":"https:\/\/tuncaldogalgaz.com\/index.php?rest_route=\/wp\/v2\/pages\/9","targetHints":{"allow":["GET"]}}],"collection":[{"href":"https:\/\/tuncaldogalgaz.com\/index.php?rest_route=\/wp\/v2\/pages"}],"about":[{"href":"https:\/\/tuncaldogalgaz.com\/index.php?rest_route=\/wp\/v2\/types\/page"}],"author":[{"embeddable":true,"href":"https:\/\/tuncaldogalgaz.com\/index.php?rest_route=\/wp\/v2\/users\/1"}],"replies":[{"embeddable":true,"href":"https:\/\/tuncaldogalgaz.com\/index.php?rest_route=%2Fwp%2Fv2%2Fcomments&post=9"}],"version-history":[{"count":3,"href":"https:\/\/tuncaldogalgaz.com\/index.php?rest_route=\/wp\/v2\/pages\/9\/revisions"}],"predecessor-version":[{"id":33,"href":"https:\/\/tuncaldogalgaz.com\/index.php?rest_route=\/wp\/v2\/pages\/9\/revisions\/33"}],"wp:attachment":[{"href":"https:\/\/tuncaldogalgaz.com\/index.php?rest_route=%2Fwp%2Fv2%2Fmedia&parent=9"}],"curies":[{"name":"wp","href":"https:\/\/api.w.org\/{rel}","templated":true}]}}